 -k + 5*k = h - 29, p*k + 6 = 0. List the prime factors of h.
3, 7
Suppose 14*g = 16*g - 14. What are the prime factors of 285/g - 12/(-42)?
41
Suppose -1386 = -3*g + 3*n, -482 = -g + 5*n - 8*n. What are the prime factors of g?
467
Let t(s) be the second derivative of -s**5/20 - 7*s**4/3 - 35*s**3/6 - 13*s**2/2 - 20*s. List the prime factors of t(-27).
7, 29
Let n be (-429)/(-9) - 1/(-3). Let v be ((-69)/3)/(-6 - -7). Let h = v + n. List the prime factors of h.
5
Let y(h) be the third derivative of -h**5/60 + 7*h**3/2 - 4*h**2. List the prime factors of y(0).
3, 7
Let w = -1 + -4. List the prime factors of -106*w/10 - -4.
3, 19
Suppose 2*z = 2*k + 284, -3*k + 4*k + 424 = 3*z. List the prime factors of z.
3, 47
Let f be 1/(-2)*(-7 + 1). Suppose -f*m + 3*j = -90, -3*m = m - 3*j - 122. What are the prime factors of m?
2
Let q = -85 + 78. Let j = 17 - q. What are the prime factors of j?
2, 3
Let w(r) = -28*r - 34. What are the prime factors of w(-11)?
2, 137
Suppose 40 = 5*x + 5. Suppose -x*q + 384 = -3*q. Let b = q + -39. List the prime factors of b.
3, 19
Let h = 1529 + 599. List the prime factors of h.
2, 7, 19
Let c(x) = -x**3 - 7*x**2 - 4*x. Let q be c(-7). Let m = 52 + q. List the prime factors of m.
2, 5
Suppose 0*a + a + 1 = 0. What are the prime factors of a + 4 + 1 + 66?
2, 5, 7
Let a = 1695 + 885. List the prime factors of a.
2, 3, 5, 43
Let j be (-146)/(4/(-12)*(1 - -2)). Let d = -30 + j. What are the prime factors of d?
2, 29
Suppose 0 = -7*u + 10*u + 3*x - 498, 0 = 5*x + 15. List the prime factors of u.
13
Suppose -4*r - 68 = -376. Suppose -4*s = i - 223, 4*s - 5*i = 152 + r. What are the prime factors of s?
2, 7
Suppose -10*n = -7*n - 15. Suppose t + n = -4*w - 2, -5*t - 5*w = -10. Suppose 0*b - 2*j - 28 = -b, -53 = -2*b + t*j. List the prime factors of b.
2, 17
Let a(z) = z**2 + 4*z + 1. Let q be a(-4). Let u = -1 + q. Suppose 0 = -2*s + o + 20, -5*o - 34 = -4*s - u*o. What are the prime factors of s?
11
Suppose 0 = 2*v + 3*v - 20. Suppose -v*x - 2*u = 0, -3*u = u. Suppose 3*y + 210 = 3*b, 3*b + 2*y - 220 = -x*y. What are the prime factors of b?
2, 3
Let z(m) be the third derivative of -m**6/120 + m**4/12 - m**3/3 + 4*m**2. Let b be z(-3). Let g = b - -5. What are the prime factors of g?
2, 3
Let h be (-6)/(-27) + (-410)/(-18). Let b = -39 + h. Let i = b + 23. List the prime factors of i.
7
Let f = 24 - 22. Suppose 0 = -2*s - 5*o + 92 - 9, f*s - 3*o = 75. What are the prime factors of s?
3, 13
Suppose -5*l + 3*f = -4*l - 9, 7 = 3*l - 4*f. Let k be l/(9/15) + -1. What are the prime factors of 10/3*k/(-4)?
5
Let l(p) = 2*p**2 + 3*p - 5. Let h be l(-4). Let n be ((-18)/h)/(9/(-30)). Suppose -56 = -0*m - n*m. What are the prime factors of m?
2, 7
Let j = -61 - -179. Let i = j - 31. What are the prime factors of i?
3, 29
Suppose 44*s - 227222 = -38*s. What are the prime factors of s?
17, 163
List the prime factors of 12/8 + -2849*1/(-2).
2, 23, 31
Let v be (-1)/((2 + 1)/6). Let o be -4 - -8 - 6 - v. Suppose 5*w - 68 = -l, w + 3*w - 5*l - 66 = o. List the prime factors of w.
2, 7
Let i(a) = 6*a**2 + 11*a + 80. What are the prime factors of i(-11)?
5, 137
Suppose 13*c = 51 + 14. Suppose -2*g + 224 = 2*u, -3*u + c*g = 2*u - 590. List the prime factors of u.
5, 23
Let f(d) = 10*d**2 - 31*d + 8. Let v(g) = 7*g**2 - 21*g + 5. Let a(o) = -5*f(o) + 7*v(o). Let m be a(7). Suppose -21 + 1 = -m*u. List the prime factors of u.
2, 5
Suppose 3*b = -3*t + 108, 5*t - 4*b - 11 = 142. Let g = t + -8. What are the prime factors of g?
5
Let y be ((-21)/(-6))/((-1)/2). Let r(l) = -l**2 - 14*l + 13. List the prime factors of r(y).
2, 31
Let f = 23 + -19. Suppose 5*j = -2*i + 85, 3*i + f*j - 131 = -14. Let v = -20 + i. List the prime factors of v.
3, 5
Let j(k) = -2*k**2 + 16*k. Let p be j(8). Suppose n - 3*s - 4 - 5 = p, s = -4*n + 23. List the prime factors of n.
2, 3
Let l(g) = -2*g**2 - 5*g. Let i(t) = -2*t**2 - 5*t. Let z(u) = -6*i(u) + 5*l(u). Suppose 0 = 2*b + a + 12, a + 5 = -3*b - 12. List the prime factors of z(b).
5
Let g = 18 - 18. Suppose -3*q + 6*q - 519 = g. What are the prime factors of q?
173
Suppose 4*g = -2*c - 204, 204 = -4*g + 3*c + 2*c. Let t = -20 - g. List the prime factors of t.
31
Let a(h) = 19*h**3 + 4*h**2 - 4*h + 10. What are the prime factors of a(4)?
2, 7, 13
List the prime factors of 525 - (7 - (2 - 2)).
2, 7, 37
Let o(r) = -100*r + 89. List the prime factors of o(-7).
3, 263
List the prime factors of (8/28)/((-4)/(-3122)).
223
Let p(y) = y**2 - 4*y - 7. Let z be p(7). Suppose -42 = -160*d + 154*d. What are the prime factors of ((-132)/z)/((-1)/d)?
2, 3, 11
Suppose 29*x = -19*x + 96624. List the prime factors of x.
3, 11, 61
Let a(s) = -2*s + 18. Let u be a(8). Suppose -g = u*g + 18. What are the prime factors of (63/g)/((-3)/16)?
2, 7
Let v = 0 - -5. Let u(y) = -17*y**3 + 13*y**3 - 7 + 6*y + v*y**3 + 9*y**2. What are the prime factors of u(-6)?
5, 13
Let b(r) = r**3 + 8*r**2 + 7*r. Let w be b(-7). Suppose 0*s + 4*s - 112 = w. List the prime factors of s.
2, 7
Let r(i) = -i + 1. Let b(l) = -28*l + 43. Let z(o) = -b(o) - 2*r(o). List the prime factors of z(7).
3, 5, 11
Let i = 1798 + -1046. What are the prime factors of i?
2, 47
Let y = 165 + -186. List the prime factors of 2*(-1)/6 + (-1981)/y.
2, 47
Let l(p) = 90*p + 347. List the prime factors of l(22).
13, 179
Suppose g = -1, -31*z + g = -28*z - 7207. List the prime factors of z.
2, 1201
Let q be (-2)/(-7) + 1928/14. Suppose -q = 5*v + 122. List the prime factors of (-715)/v - 1/(-4).
2, 7
Let v(s) = -s + 13. Let k be v(10). Suppose 584 = -5*d + k*p, 2*d + 3*p - 466 = 6*d. Let m = d - -168. List the prime factors of m.
2, 5
Let a(y) = 4*y**2 - 20*y - 16. What are the prime factors of a(14)?
2, 61
Suppose 5*m + 12 = 37. Suppose 20 + 0 = m*n. What are the prime factors of 66/n + (-2)/(-4)?
17
Let n(y) = -y + 8. Let d be n(4). Let f be 3 - 4 - (-6 - -1). Let w = f + d. List the prime factors of w.
2
Suppose -78*y + 65*y + 1092 = 0. List the prime factors of y.
2, 3, 7
Let j be 660/140 + 4/14. Suppose 2*a - 167 = 4*f - 29, -a = j*f - 62. What are the prime factors of a?
67
Suppose 1160*r = 1169*r + 270. Let s be -4 + 1*-1 + 2. List the prime factors of (-714)/r - s/15.
2, 3
Suppose -2*b + 89 = 3*l - 3*b, -5*l + 145 = -5*b. Suppose 2*k = 0, -2*z = 3*z + 4*k - l. Let q = z + 1. List the prime factors of q.
7
List the prime factors of ((-4)/(-8))/((3/958)/3).
479
Let w = 24 + -22. List the prime factors of (15/w)/(9/84).
2, 5, 7
Let o(w) = 20 + 2*w + 9 + 18*w - 6*w. What are the prime factors of o(20)?
3, 103
Let j(i) = 105*i - 100. What are the prime factors of j(19)?
5, 379
Let f = -465 - -1537. What are the prime factors of f?
2, 67
Let z = 91 + -10. List the prime factors of z.
3
List the prime factors of -4*36/(-48)*1433/3.
1433
Let n(m) = 2*m**2 - 4*m - 1. Let x be n(3). Let v = -4 + x. What are the prime factors of v/1 - (-8 - 15)?
2, 3
Let x = -37 + 39. Suppose x + 4 = o. List the prime factors of o.
2, 3
What are the prime factors of (-51)/(11 + (-3096)/279)?
17, 31
Let f(j) be the third derivative of j**4/12 + 7*j**3/3 + 10*j**2. Let d be f(-5). Suppose -5*z = m - d*m + 190, 5*m - 327 = -2*z. List the prime factors of m.
5, 13
Let n = 183 + 4. What are the prime factors of n?
11, 17
Let n(b) = 30*b**2 + 2*b - 3. Let s(i) = -180*i**2 - 11*i + 17. Let z(j) = -34*n(j) - 6*s(j). What are the prime factors of z(-1)?
2, 31
Let g be 18*(5 + -9) - 5. List the prime factors of 240/11 + (-6 - 476/g).
2, 11
Let k be (-189)/(-21) - 3*1. Let c be ((-20)/(-12))/(2/114). Suppose -c = -k*y + y. List the prime factors of y.
19
Suppose 0 = 2*y - 0*y - 6. List the prime factors of 1*26 + 1/y*3.
3
Suppose 2*b - 4*p + 113 = 5*b, b + 5*p = 34. What are the prime factors of b?
3, 13
Suppose 115*d - 116*d = -9. Suppose d*q - 622 - 944 = 0. What are the prime factors of q?
2, 3, 29
Let p(u) = 6*u - 2*u + 66*u**2 - 2*u + 1. Let q be p(-1). Let m = -32 + q. List the prime factors of m.
3, 11
Suppose 2*t = -4*t + 936. Suppose u + 26 = t. What are the prime factors of u?
2, 5, 13
Suppose -k = -5*o + 646, 0 = -o - o - 3*k + 255. Suppose -5*z = -2*m + 544, 5*m = z - 11 + o. Let f = z - -153. What are the prime factors of f?
3, 5
Suppose -4*w = -2*g + 112, 2 + 8 = 5*g. Let a = w + 75. Suppose -5*p 